[INFO] cloning repository https://github.com/TheNeikos/rust-gallery
[INFO] running `Command { std: "git" "-c" "credential.helper=" "-c" "credential.helper=/workspace/cargo-home/bin/git-credential-null" "clone" "--bare" "https://github.com/TheNeikos/rust-gallery" "/workspace/cache/git-repos/https%3A%2F%2Fgithub.com%2FTheNeikos%2Frust-gallery", kill_on_drop: false }`
[INFO] [stderr] Cloning into bare repository '/workspace/cache/git-repos/https%3A%2F%2Fgithub.com%2FTheNeikos%2Frust-gallery'...
[INFO] running `Command { std: "git" "rev-parse" "HEAD", kill_on_drop: false }`
[INFO] [stdout] aea1f4bacd44d1d1d47bf8e8187fb9da4c581799
[INFO] checking TheNeikos/rust-gallery against master#af3c6e733a40e671550e0f0f5aeecaa13772ba56 for pr-74989
[INFO] running `Command { std: "git" "clone" "/workspace/cache/git-repos/https%3A%2F%2Fgithub.com%2FTheNeikos%2Frust-gallery" "/workspace/builds/worker-0/source", kill_on_drop: false }`
[INFO] [stderr] Cloning into '/workspace/builds/worker-0/source'...
[INFO] [stderr] done.
[INFO] validating manifest of git repo https://github.com/TheNeikos/rust-gallery on toolchain af3c6e733a40e671550e0f0f5aeecaa13772ba56
[INFO] running `Command { std: "/workspace/cargo-home/bin/cargo" "+af3c6e733a40e671550e0f0f5aeecaa13772ba56" "read-manifest" "--manifest-path" "Cargo.toml", kill_on_drop: false }`
[INFO] started tweaking git repo https://github.com/TheNeikos/rust-gallery
[INFO] finished tweaking git repo https://github.com/TheNeikos/rust-gallery
[INFO] tweaked toml for git repo https://github.com/TheNeikos/rust-gallery written to /workspace/builds/worker-0/source/Cargo.toml
[INFO] crate git repo https://github.com/TheNeikos/rust-gallery already has a lockfile, it will not be regenerated
[INFO] running `Command { std: "/workspace/cargo-home/bin/cargo" "+af3c6e733a40e671550e0f0f5aeecaa13772ba56" "fetch" "--locked" "--manifest-path" "Cargo.toml", kill_on_drop: false }`
[INFO] [stderr]     Blocking waiting for file lock on package cache
[INFO] [stderr] error: the lock file /workspace/builds/worker-0/source/Cargo.lock needs to be updated but --locked was passed to prevent this
[INFO] [stderr] If you want to try to generate the lock file without accessing the network, use the --offline flag.
[INFO] the lockfile is outdated, regenerating it
[INFO] running `Command { std: "/workspace/cargo-home/bin/cargo" "+af3c6e733a40e671550e0f0f5aeecaa13772ba56" "generate-lockfile" "--manifest-path" "Cargo.toml" "-Zno-index-update", kill_on_drop: false }`
[INFO] [stderr]     Blocking waiting for file lock on package cache
[INFO] [stderr]     Updating git repository `https://github.com/servo/rust-url`
[INFO] running `Command { std: "/workspace/cargo-home/bin/cargo" "+af3c6e733a40e671550e0f0f5aeecaa13772ba56" "fetch" "--locked" "--manifest-path" "Cargo.toml", kill_on_drop: false }`
[INFO] [stderr]     Blocking waiting for file lock on package cache
[INFO] [stderr]     Blocking waiting for file lock on package cache
[INFO] running `Command { std: "docker" "create" "-v" "/var/lib/crater-agent-workspace/builds/worker-0/target:/opt/rustwide/target:rw,Z" "-v" "/var/lib/crater-agent-workspace/builds/worker-0/source:/opt/rustwide/workdir:ro,Z" "-v" "/var/lib/crater-agent-workspace/cargo-home:/opt/rustwide/cargo-home:ro,Z" "-v" "/var/lib/crater-agent-workspace/rustup-home:/opt/rustwide/rustup-home:ro,Z" "-e" "SOURCE_DIR=/opt/rustwide/workdir" "-e" "CARGO_TARGET_DIR=/opt/rustwide/target" "-e" "CARGO_HOME=/opt/rustwide/cargo-home" "-e" "RUSTUP_HOME=/opt/rustwide/rustup-home" "-w" "/opt/rustwide/workdir" "-m" "1610612736" "--user" "0:0" "--network" "none" "rustops/crates-build-env@sha256:d92eaeed33fa75130ca1ee6c8a01d1ffb62bac859dfdfb3450e3e5d1c0146529" "/opt/rustwide/cargo-home/bin/cargo" "+af3c6e733a40e671550e0f0f5aeecaa13772ba56" "metadata" "--no-deps" "--format-version=1", kill_on_drop: false }`
[INFO] [stdout] ebef43f4c9cf2dd956176c7dbc71872a62c597ca6d00966b68ffe0c35d7372aa
[INFO] [stderr] WARNING: Your kernel does not support swap limit capabilities or the cgroup is not mounted. Memory limited without swap.
[INFO] running `Command { std: "docker" "start" "-a" "ebef43f4c9cf2dd956176c7dbc71872a62c597ca6d00966b68ffe0c35d7372aa", kill_on_drop: false }`
[INFO] running `Command { std: "docker" "inspect" "ebef43f4c9cf2dd956176c7dbc71872a62c597ca6d00966b68ffe0c35d7372aa", kill_on_drop: false }`
[INFO] running `Command { std: "docker" "rm" "-f" "ebef43f4c9cf2dd956176c7dbc71872a62c597ca6d00966b68ffe0c35d7372aa", kill_on_drop: false }`
[INFO] [stdout] ebef43f4c9cf2dd956176c7dbc71872a62c597ca6d00966b68ffe0c35d7372aa
[INFO] running `Command { std: "docker" "create" "-v" "/var/lib/crater-agent-workspace/builds/worker-0/target:/opt/rustwide/target:rw,Z" "-v" "/var/lib/crater-agent-workspace/builds/worker-0/source:/opt/rustwide/workdir:ro,Z" "-v" "/var/lib/crater-agent-workspace/cargo-home:/opt/rustwide/cargo-home:ro,Z" "-v" "/var/lib/crater-agent-workspace/rustup-home:/opt/rustwide/rustup-home:ro,Z" "-e" "SOURCE_DIR=/opt/rustwide/workdir" "-e" "CARGO_TARGET_DIR=/opt/rustwide/target" "-e" "CARGO_INCREMENTAL=0" "-e" "RUST_BACKTRACE=full" "-e" "RUSTFLAGS=--cap-lints=forbid" "-e" "CARGO_HOME=/opt/rustwide/cargo-home" "-e" "RUSTUP_HOME=/opt/rustwide/rustup-home" "-w" "/opt/rustwide/workdir" "-m" "1610612736" "--user" "0:0" "--network" "none" "rustops/crates-build-env@sha256:d92eaeed33fa75130ca1ee6c8a01d1ffb62bac859dfdfb3450e3e5d1c0146529" "/opt/rustwide/cargo-home/bin/cargo" "+af3c6e733a40e671550e0f0f5aeecaa13772ba56" "check" "--frozen" "--all" "--all-targets" "--message-format=json", kill_on_drop: false }`
[INFO] [stdout] 66a9a3336d9e5548a046e04d6997a079037a5816f928baa02dc722c6463ac575
[INFO] [stderr] WARNING: Your kernel does not support swap limit capabilities or the cgroup is not mounted. Memory limited without swap.
[INFO] running `Command { std: "docker" "start" "-a" "66a9a3336d9e5548a046e04d6997a079037a5816f928baa02dc722c6463ac575", kill_on_drop: false }`
[INFO] [stderr]    Compiling libc v0.2.77
[INFO] [stderr]     Checking cfg-if v0.1.10
[INFO] [stderr]    Compiling log v0.4.11
[INFO] [stderr]    Compiling proc-macro2 v1.0.21
[INFO] [stderr]    Compiling unicode-xid v0.2.1
[INFO] [stderr]    Compiling memchr v2.3.3
[INFO] [stderr]     Checking lazy_static v1.4.0
[INFO] [stderr]     Checking slab v0.4.2
[INFO] [stderr]    Compiling autocfg v1.0.1
[INFO] [stderr]     Checking itoa v0.4.6
[INFO] [stderr]     Checking matches v0.1.8
[INFO] [stderr]     Checking hashbrown v0.9.0
[INFO] [stderr]     Checking tinyvec v0.3.4
[INFO] [stderr]     Checking pin-utils v0.1.0
[INFO] [stderr]    Compiling httparse v1.3.4
[INFO] [stderr]     Checking percent-encoding v2.1.0 (https://github.com/servo/rust-url#a46bec6e)
[INFO] [stderr]     Checking unicode-width v0.1.8
[INFO] [stderr]     Checking glob v0.3.0
[INFO] [stderr]     Checking http v0.2.1
[INFO] [stderr]     Checking unicode-bidi v0.3.4
[INFO] [stderr]     Checking tracing-core v0.1.16
[INFO] [stderr]     Checking getopts v0.2.21
[INFO] [stderr]     Checking form_urlencoded v1.0.0 (https://github.com/servo/rust-url#a46bec6e)
[INFO] [stderr]     Checking unicode-normalization v0.1.13
[INFO] [stderr]    Compiling indexmap v1.6.0
[INFO] [stderr]     Checking want v0.3.0
[INFO] [stderr]     Checking tracing v0.1.19
[INFO] [stderr]    Compiling quote v1.0.7
[INFO] [stderr]     Checking idna v0.2.0 (https://github.com/servo/rust-url#a46bec6e)
[INFO] [stderr]    Compiling syn v1.0.40
[INFO] [stderr]     Checking net2 v0.2.35
[INFO] [stderr]     Checking iovec v0.1.4
[INFO] [stderr]     Checking socket2 v0.3.15
[INFO] [stderr]     Checking time v0.1.44
[INFO] [stderr]     Checking url v2.1.1 (https://github.com/servo/rust-url#a46bec6e)
[INFO] [stderr]     Checking mio v0.6.22
[INFO] [stderr]     Checking http-body v0.3.1
[INFO] [stderr]     Checking tokio v0.2.22
[INFO] [stderr]     Checking tokio-util v0.3.1
[INFO] [stderr]    Compiling pin-project-internal v0.4.23
[INFO] [stderr]     Checking pin-project v0.4.23
[INFO] [stderr]     Checking futures-util v0.3.5
[INFO] [stderr]     Checking h2 v0.2.6
[INFO] [stderr]     Checking hyper v0.13.7
[INFO] [stderr]     Checking gallery v0.1.0 (/opt/rustwide/workdir)
[INFO] [stdout] error[E0432]: unresolved import `hyper::server::Request`
[INFO] [stdout]   --> src/main.rs:16:5
[INFO] [stdout]    |
[INFO] [stdout] 16 | use hyper::server::Request;
[INFO] [stdout]    |     ^^^^^^^^^^^^^^^^^^^^^^ no `Request` in `server`
[INFO] [stdout] 
[INFO] [stdout] 
[INFO] [stdout] error[E0432]: unresolved import `hyper::server::Response`
[INFO] [stdout]   --> src/main.rs:17:5
[INFO] [stdout]    |
[INFO] [stdout] 17 | use hyper::server::Response;
[INFO] [stdout]    |     ^^^^^^^^^^^^^^^^^^^^^^^ no `Response` in `server`
[INFO] [stdout] 
[INFO] [stdout] 
[INFO] [stdout] error[E0432]: unresolved import `hyper::uri`
[INFO] [stdout]   --> src/main.rs:18:12
[INFO] [stdout]    |
[INFO] [stdout] 18 | use hyper::uri::RequestUri;
[INFO] [stdout]    |            ^^^ could not find `uri` in `hyper`
[INFO] [stdout] 
[INFO] [stdout] 
[INFO] [stdout] error[E0432]: unresolved import `url::percent_encoding`
[INFO] [stdout]   --> src/main.rs:20:10
[INFO] [stdout]    |
[INFO] [stdout] 20 | use url::percent_encoding::percent_decode;
[INFO] [stdout]    |          ^^^^^^^^^^^^^^^^ could not find `percent_encoding` in `url`
[INFO] [stdout] 
[INFO] [stdout] 
[INFO] [stdout] error[E0433]: failed to resolve: could not find `status` in `hyper`
[INFO] [stdout]   --> src/main.rs:34:32
[INFO] [stdout]    |
[INFO] [stdout] 34 |     *res.status_mut() = hyper::status::StatusCode::NotFound;
[INFO] [stdout]    |                                ^^^^^^ could not find `status` in `hyper`
[INFO] [stdout] 
[INFO] [stdout] 
[INFO] [stdout] error[E0432]: unresolved import `hyper::server::Request`
[INFO] [stdout]   --> src/main.rs:16:5
[INFO] [stdout]    |
[INFO] [stdout] 16 | use hyper::server::Request;
[INFO] [stdout]    |     ^^^^^^^^^^^^^^^^^^^^^^ no `Request` in `server`
[INFO] [stdout] 
[INFO] [stdout] 
[INFO] [stdout] error[E0432]: unresolved import `hyper::server::Response`
[INFO] [stdout]   --> src/main.rs:17:5
[INFO] [stdout]    |
[INFO] [stdout] 17 | use hyper::server::Response;
[INFO] [stdout]    |     ^^^^^^^^^^^^^^^^^^^^^^^ no `Response` in `server`
[INFO] [stdout] 
[INFO] [stdout] 
[INFO] [stdout] error[E0432]: unresolved import `hyper::uri`
[INFO] [stdout]   --> src/main.rs:18:12
[INFO] [stdout]    |
[INFO] [stdout] 18 | use hyper::uri::RequestUri;
[INFO] [stdout]    |            ^^^ could not find `uri` in `hyper`
[INFO] [stdout] 
[INFO] [stdout] 
[INFO] [stdout] error[E0432]: unresolved import `url::percent_encoding`
[INFO] [stdout]   --> src/main.rs:20:10
[INFO] [stdout]    |
[INFO] [stdout] 20 | use url::percent_encoding::percent_decode;
[INFO] [stdout]    |          ^^^^^^^^^^^^^^^^ could not find `percent_encoding` in `url`
[INFO] [stdout] 
[INFO] [stdout] 
[INFO] [stdout] error[E0433]: failed to resolve: could not find `status` in `hyper`
[INFO] [stdout]   --> src/main.rs:34:32
[INFO] [stdout]    |
[INFO] [stdout] 34 |     *res.status_mut() = hyper::status::StatusCode::NotFound;
[INFO] [stdout]    |                                ^^^^^^ could not find `status` in `hyper`
[INFO] [stdout] 
[INFO] [stdout] 
[INFO] [stdout] error[E0599]: no function or associated item named `http` found for struct `Server<_, _, _>` in the current scope
[INFO] [stdout]    --> src/main.rs:223:17
[INFO] [stdout]     |
[INFO] [stdout] 223 |         Server::http(&format!("{}:{}", interface, port)[..]).unwrap().handle(gallery_handle).unwrap();
[INFO] [stdout]     |                 ^^^^ function or associated item not found in `Server<_, _, _>`
[INFO] [stdout] 
[INFO] [stdout] 
[INFO] [stdout] error[E0599]: no function or associated item named `http` found for struct `Server<_, _, _>` in the current scope
[INFO] [stdout]    --> src/main.rs:225:17
[INFO] [stdout]     |
[INFO] [stdout] 225 |         Server::http(&format!("{}:{}", interface, port)[..]).unwrap().handle(handle).unwrap();
[INFO] [stdout]     |                 ^^^^ function or associated item not found in `Server<_, _, _>`
[INFO] [stdout] 
[INFO] [stdout] 
[INFO] [stdout] warning: unused import: `Write`
[INFO] [stdout]   --> src/main.rs:13:21
[INFO] [stdout]    |
[INFO] [stdout] 13 | use std::io::{Read, Write};
[INFO] [stdout]    |                     ^^^^^
[INFO] [stdout]    |
[INFO] [stdout]    = note: `#[warn(unused_imports)]` on by default
[INFO] [stdout] 
[INFO] [stdout] 
[INFO] [stdout] error: aborting due to 7 previous errors; 1 warning emitted
[INFO] [stdout] 
[INFO] [stdout] 
[INFO] [stdout] Some errors have detailed explanations: E0432, E0433, E0599.
[INFO] [stdout] 
[INFO] [stdout] For more information about an error, try `rustc --explain E0432`.
[INFO] [stdout] 
[INFO] [stdout] error[E0599]: no function or associated item named `http` found for struct `Server<_, _, _>` in the current scope
[INFO] [stdout]    --> src/main.rs:223:17
[INFO] [stdout]     |
[INFO] [stdout] 223 |         Server::http(&format!("{}:{}", interface, port)[..]).unwrap().handle(gallery_handle).unwrap();
[INFO] [stdout]     |                 ^^^^ function or associated item not found in `Server<_, _, _>`
[INFO] [stdout] 
[INFO] [stdout] 
[INFO] [stderr] error: could not compile `gallery`.
[INFO] [stderr] 
[INFO] [stderr] To learn more, run the command again with --verbose.
[INFO] [stderr] warning: build failed, waiting for other jobs to finish...
[INFO] [stdout] error[E0599]: no function or associated item named `http` found for struct `Server<_, _, _>` in the current scope
[INFO] [stdout]    --> src/main.rs:225:17
[INFO] [stdout]     |
[INFO] [stdout] 225 |         Server::http(&format!("{}:{}", interface, port)[..]).unwrap().handle(handle).unwrap();
[INFO] [stdout]     |                 ^^^^ function or associated item not found in `Server<_, _, _>`
[INFO] [stdout] 
[INFO] [stdout] 
[INFO] [stdout] warning: unused import: `Write`
[INFO] [stdout]   --> src/main.rs:13:21
[INFO] [stdout]    |
[INFO] [stdout] 13 | use std::io::{Read, Write};
[INFO] [stdout]    |                     ^^^^^
[INFO] [stdout]    |
[INFO] [stdout]    = note: `#[warn(unused_imports)]` on by default
[INFO] [stdout] 
[INFO] [stdout] 
[INFO] [stdout] error: aborting due to 7 previous errors; 1 warning emitted
[INFO] [stdout] 
[INFO] [stdout] 
[INFO] [stdout] Some errors have detailed explanations: E0432, E0433, E0599.
[INFO] [stdout] 
[INFO] [stdout] For more information about an error, try `rustc --explain E0432`.
[INFO] [stdout] 
[INFO] [stderr] error: build failed
[INFO] running `Command { std: "docker" "inspect" "66a9a3336d9e5548a046e04d6997a079037a5816f928baa02dc722c6463ac575", kill_on_drop: false }`
[INFO] running `Command { std: "docker" "rm" "-f" "66a9a3336d9e5548a046e04d6997a079037a5816f928baa02dc722c6463ac575", kill_on_drop: false }`
[INFO] [stdout] 66a9a3336d9e5548a046e04d6997a079037a5816f928baa02dc722c6463ac575
